6)). Let b(m) = -2*m**3 - 23*m**2 + 11*m - 8. Let o be b(-12). What is the highest common divisor of s and o?
2
Let m = 7771 - 7666. Calculate the greatest common divisor of m and 140.
35
Suppose -5*m + 1419 = -545*b + 547*b, -17*b + 12106 = -2*m. Suppose 6*v = v - 4*y + 60, -4*y - 12 = -4*v. Calculate the greatest common divisor of b and v.
8
Let x(m) = -34*m + 2. Let d = 38 + -34. Let c be d/14 - ((-37)/(-7) - 1). Let j be x(c). Calculate the greatest common factor of j and 23.
23
Let f = -1141 - -1303. What is the greatest common factor of 9 and f?
9
Let j = -2054 - -2062. What is the greatest common factor of 1000 and j?
8
Let l be (-2 + 3)/((-20)/(-220))*(5 + 3). Calculate the highest common divisor of 66 and l.
22
Let c(p) = 13*p + 13. Let s be c(7). Let l = -1553 + 1839. What is the greatest common factor of l and s?
26
Let r = 149 + -148. Let x be (0 + 0 + r)/(12/228). What is the highest common factor of x and 38?
19
Let l(a) = -19*a - 228. Let s be l(-25). Let y be (-7568)/(-198) + (-4)/18. Calculate the greatest common factor of y and s.
19
Let y(q) = -q**3 + 72*q**2 + 477*q - 93. Let j be y(78). What is the greatest common factor of j and 420?
21
Let v(d) = -11*d + 54. Let f be v(5). Let u be (3/9 + f)/((-5)/360). What is the highest common factor of u and 192?
48
Let k(b) = b + 47. Let g(u) = 2*u + 42. Let m(l) = 5*g(l) - 4*k(l). Let x be m(7). What is the highest common divisor of x and 112?
16
Let m be (-249)/15 + (-2)/5. Let j(f) = 24 + 26 - 6*f + 24 - 105 + 17. Let y be j(m). What is the highest common factor of y and 16?
8
Suppose -4*k = -6*k + 2*m + 446, 0 = 5*m - 5. Let v = k + 6. Suppose -41 = 3*f - v. Calculate the highest common factor of f and 7.
7
Suppose 188 = -11*d - 65. Let g = 33 + d. Let f(r) = 3*r + 5. Let n be f(5). What is the highest common factor of g and n?
10
Let b = -6276 + 6924. What is the greatest common divisor of b and 81?
81
Suppose 762*u - 158*u = 159756 - 4528. What is the greatest common factor of 1028 and u?
257
Let z be 25/(450/3672) - 15. Let j(a) = 4*a - 3. Let f be j(6). What is the greatest common divisor of z and f?
21
Suppose 2*x + 0*b - 62 = -4*b, -3*x - b = -68. Suppose z = 26 - 5. Calculate the highest common factor of x and z.
21
Let f(l) = 2*l**2 - 57*l - 104. Let c be f(35). What is the highest common divisor of 54 and c?
27
Suppose -2*a - 3*a + 15 = 0. Let o be (-24)/6 + (12 - a). Suppose -4*b + o*b = -4*m + 119, 5*m = -20. Calculate the highest common factor of 15 and b.
15
Let w(r) = -r - 1. Let h be w(4). Let d(l) = 2*l**2 + 4*l - 4. Let o be d(h). Let v = 193 - -41. What is the highest common factor of o and v?
26
Let g(k) = k + 18. Suppose -11*w - 5 = -12*w. Suppose -2*j = 11 + w. Let f be g(j). What is the highest common divisor of 20 and f?
10
Let k be -11 - (-12 + 8) - -14. Let y = 2 - 0. Suppose y*o = -k + 31. Calculate the greatest common factor of 36 and o.
12
Let k be 14/1 - -1*1. Let t be 0/((2 + 2)/4). Suppose t = 3*j + 2*o - 141, 8*j - 3*j - 222 = o. Calculate the greatest common factor of j and k.
15
Let j = 1259 + -1064. Let x be -3 + ((-58)/(-3))/((-24)/(-36)). What is the highest common factor of x and j?
13
Let w(d) = -3*d**3 - 10*d**2 - 490*d - 3379. Let c be w(-7). What is the highest common divisor of c and 6?
2
Let v = -103 - -74. Let g = v + 73. Let r be (150/(-4))/((-11)/g). What is the highest common divisor of r and 30?
30
Suppose 42 = -2*v - 4*r, -48 - 117 = 5*v - 2*r. Let k = -26 - v. Let b = 734 - 699. Calculate the greatest common divisor of b and k.
5
Let r = -43 + 78. Let v be (-332)/(-7) + 20/r. Let o = -73 - -105. What is the highest common divisor of o and v?
16
Suppose 2*y = -4*g - y - 126, 124 = -4*g - 2*y. Let k = g + 63. Suppose -k*s + 28*s + 65 = 0. Calculate the greatest common factor of 130 and s.
13
Let p = -179 - -2099. What is the greatest common divisor of 120 and p?
120
Suppose -11 = j - 6. Let q be ((-20)/j + -3)*0. Suppose q = -8*c + 538 + 902. What is the highest common factor of c and 20?
20
Suppose 19*t = 3*n + 16*t - 192, -2*n + 12*t + 98 = 0. What is the highest common divisor of 39061 and n?
67
Let j(g) = -5*g - 4. Let z(q) = 2*q + 2. Let i be z(-3). Let d be j(i). Let n be (552/(-115))/((-3)/10). Calculate the greatest common factor of n and d.
16
Let r = 1713 + -1709. Suppose 176 = 5*p + 3*p. What is the highest common factor of r and p?
2
Let o(b) = b**2 + 4*b + 18. Let j(w) = w**3 + 8*w**2 + 17*w - 3. Let t be j(-5). Let g be o(t). What is the greatest common factor of g and 60?
15
Suppose 5*h - 671 = -y, 3*y = 31*h - 28*h + 2067. Calculate the highest common factor of 14 and y.
14
Let j be (-131500)/(-42) - 2/(-42). What is the highest common divisor of 202 and j?
101
Suppose 0 = 2*s - 34*i + 38*i - 780, -2*s - 3*i = -781. What is the greatest common factor of s and 3584?
56
Suppose -b = -3*b + 6. Suppose -5*g = 5*m - 30, -b*m + 23 = 3*g - g. Let u be 5/2*48/(-1140) + 24479/247. Calculate the highest common factor of u and m.
11
Suppose -2*l + o + 64 = -38, 0 = -3*o - 12. What is the greatest common divisor of l and 9?
1
Let m be 2/(-2) - 104/(-1). Suppose -4*y - 32 = 0, 6735 = -367*c + 186*c + 186*c - 5*y. Calculate the greatest common factor of c and m.
103
Let s be 1268/10 + 8/(-10). Let i be (24/(-12))/((-2)/14). Suppose 5 - i = -h. What is the greatest common divisor of h and s?
9
Let y = 313 - 159. Suppose 0 = 107*f - 21493 - 36180. What is the highest common factor of y and f?
77
Suppose 17 = j - 5*k, 0 = 21*j - 16*j + 2*k - 58. What is the greatest common factor of 222 and j?
6
Suppose 4*y - 618 = -2*f, -5*y + 597 = 2*f - 173. Let q be (y/(-133))/((-4)/14). Suppose -q*c + 9 = -c. Calculate the highest common divisor of 2 and c.
1
Suppose -2*q = -544*i + 541*i + 29792, 2*i + 5*q - 19874 = 0. Calculate the greatest common divisor of i and 52.
52
Let t(r) = 5689*r**2 - 26*r - 60. Let a be t(-2). What is the highest common divisor of a and 44?
44
Let l be (-2)/6 - (-22)/3. Let r(s) = 29*s**2 - 69*s**2 - 15 - s**3 + 24*s**2 + 24*s**2 - 3*s. Let t be r(l). Calculate the greatest common divisor of 91 and t.
13
Suppose -2*f = -5*f - 2*f + 2080. Calculate the highest common divisor of f and 64.
32
Suppose 4130 = 5*o + g, -1284 - 2836 = -5*o + g. What is the greatest common divisor of 400 and o?
25
Suppose -4376 = -220*r + 1784. Calculate the greatest common divisor of r and 358.
2
Let t(k) = 11*k**3 - k**2 - 50*k + 114. Let q be t(2). Calculate the highest common divisor of q and 784.
98
Suppose -20 + 12 = 2*f, f - 1 = -x. Suppose -2*u = x*z - 56, -2*u - 20 - 8 = -2*z. Calculate the highest common divisor of 16 and z.
4
Let x be 31/248*120 - -9. Let l be 224/6*(-18)/(-8). Calculate the greatest common factor of x and l.
12
Let s(z) = 4*z**2 - z. Let h be s(-1). Suppose 4*a = 4*y - 48, -2*y + 3*a + 4 = -15. Let f = 57 - y. Calculate the greatest common divisor of h and f.
5
Let x(z) = 1257*z**2 - 360*z + 1439. Let a be x(4). What is the greatest common factor of 34 and a?
17
Let g(u) be the second derivative of -17*u**3/6 + 35*u**2/2 - 5*u - 5. Let k be g(0). Let s = 569 - 254. What is the greatest common factor of k and s?
35
Suppose 72 = 4*f - 5*v - 20, -2*f - 5*v + 16 = 0. Calculate the greatest common factor of 45 and f.
9
Suppose -17*h + 22*h - 135 = 0. Suppose 10 = -2*b + 5*o, -7*o + h = 3*b - 4*o. Suppose -x - 80 = -b*x. Calculate the highest common factor of x and 160.
20
Suppose -q - 5*t + 32 = q, 0 = 5*t. Suppose 807 + 295 - 5966 = -19*j. What is the greatest common factor of j and q?
16
Let b = -1270 + 1271. Let r = -269 - -156. Let f be b - ((-12)/(-3) + r). What is the greatest common divisor of 22 and f?
22
Let s be ((-41)/(-5) + 7)/((-4)/30). Let v be s/266 - 38/(-7). Calculate the highest common factor of 2 and v.
1
Let c = -643 - -583. Let x be (-57 - c)*(4/2 + 13). Suppose 4*t - 26 = -6. Calculate the highest common factor of t and x.
5
Suppose 7*f - f - 486 = 0. Let k = 112 - f. Let x = k - -19. Calculate the highest common divisor of 200 and x.
50
Let g(s) = 607*s**2 - 19*s. Let o(l) = -3*l**3 - 34*l**2 - 9*l + 23. Let u be o(-11). Let z be g(u). What is the highest common factor of z and 252?
84
Suppose 4*i + 297 = -5*g + 8*g, -2*i = -12. Calculate the highest common divisor of g and 963.
107
Let m